 greatest common factor of p and k.
2
Suppose -10*z + 5*z + 180 = 0. Let r be ((-18)/(6/3))/(z/(-1176)). Calculate the greatest common factor of 6 and r.
6
Let q(l) = -8 + 6 - 9 - 4 - 9*l - 1. Let u be q(-7). Calculate the greatest common divisor of u and 1175.
47
Let r(a) = 2*a - 18. Let v be r(9). Let p be -5*(v + (-170)/(-25)). Let g be (p/51)/((-2)/45). Calculate the highest common factor of g and 3.
3
Suppose -1606 = -4*l - c + 791, -5*c - 2415 = -4*l. Calculate the greatest common factor of l and 1125.
75
Suppose 4*l + 5*a = 239, 51 = 2*l + 4*a - 61. Suppose 6*r = 42 + l. Calculate the greatest common factor of 18 and r.
18
Let a be -8 + 5 + 1 - -16. What is the highest common factor of 11851 and a?
7
Let a = -6103 + 6133. What is the greatest common factor of a and 7890?
30
Let k be (3016/14)/2 - (-14)/49. Suppose -12*x - k + 2352 = 0. Calculate the greatest common divisor of 17 and x.
17
Let t = -408 + 404. Let q be t/(-34) - 14/(-357)*4791. Calculate the greatest common factor of 8 and q.
4
Let i = 21552 + -13676. What is the greatest common factor of 88 and i?
44
Let p(f) = -f**3 + 8*f**2 - 28. Let m = 251 + -244. Let h be p(m). Let b be 12/54 - (-374)/18. Calculate the greatest common factor of h and b.
21
Let c be -3 - (-33)/(2 - 20/16). Suppose -50 = -a - c. Calculate the greatest common divisor of a and 171.
9
Let s = 16 + -13. Suppose -s*k + 523 = 73. Suppose -6*z = -114 - k. Calculate the greatest common factor of z and 88.
44
Let m be -87*((-1875)/45)/1. Calculate the highest common factor of 75 and m.
25
Let g be (-1 - -128) + (11 - 2 - 3). Let v = g + -113. What is the greatest common factor of 580 and v?
20
Suppose -9*a - 68 = -3*m - 4*a, -4*m + a + 68 = 0. Suppose 0 = m*u - 29*u + 143. Calculate the greatest common factor of 506 and u.
11
Let h = 718 - 718. Suppose 3*q = -3*o + 108, 3*q = -4*o - h*o + 104. What is the highest common factor of q and 24?
8
Let u be 12/(-10)*80/32*(-1282 + -3). What is the highest common divisor of 45 and u?
15
Let x(m) = 2*m**3 - 78*m**2 + 77*m - 24. Let q be x(38). Let c be (-10)/25 - (-772)/5. What is the highest common divisor of c and q?
14
Let t be (-6)/(-9)*(-36)/(-6)*1. Let a be 12/(-4)*(6 - t)/(-2). Suppose -2*g + 3 = 1. What is the greatest common divisor of a and g?
1
Suppose 0 = b - h + 11, 2*b + 14*h = 18*h - 26. Let x(y) = -y**3 - 9*y**2 - 12*y + 7. Let q be x(b). What is the greatest common divisor of 23 and q?
23
Let l(r) = -3*r**2 + 226*r - 274. Let j be l(74). What is the highest common factor of j and 13618?
22
Suppose 5*z - 3*c + 65 - 166 = 0, 100 = 4*z + 4*c. Calculate the greatest common factor of z and 2354.
22
Suppose 0 = -6*v - 4*q + 428, -4*q = -2*v - 2*q + 166. Calculate the highest common factor of v and 95.
19
Suppose 96*q - 97*q - 418 = 0. Let h = q - -500. Let f(k) = 9*k**2 - 4*k - 3. Let r be f(-2). What is the highest common divisor of r and h?
41
Let h be 44*(-6 + 10 - 1*-4). Suppose 0*w + 3 = -3*w. Let t be -3*(w - (23/3 + 2)). Calculate the highest common factor of t and h.
32
Let k(r) = -r**3 + 30*r - 2 + 6 + 13*r**2 + 0 + 4. Let w be k(15). What is the greatest common divisor of 40 and w?
8
Let f = -49 + 91. Let x = 39 - f. Let t(i) = 8*i**2 + i - 1. Let d be t(x). Calculate the highest common factor of 17 and d.
17
Suppose -64 - 94 = -30*n - 68. Calculate the greatest common divisor of 887 and n.
1
Suppose c + 4*f - 43 = 50, 0 = 3*c - 5*f - 228. Let u = c + -53. Calculate the highest common divisor of u and 56.
28
Suppose -6*s = -2*s - 860. Let i be 83 - (-4 + 8) - -7. What is the greatest common factor of s and i?
43
Let i(a) = a**3 + a + 7660. Let v be i(0). Suppose v + 134 = 6*p. Suppose p - 3879 = -12*b. Calculate the highest common factor of b and 43.
43
Let g(z) = 56*z + 3 - 8*z - 25*z. Let q be g(-2). Let h = 57 + q. Calculate the highest common factor of h and 14.
14
Let d(p) = 264*p**2 - 5*p - 5. Let j be d(-1). Let x = 407 - j. What is the greatest common factor of x and 39?
13
Suppose 417 = -16*w + 17*w - 3*o, -3*w = -4*o - 1236. What is the highest common factor of w and 36?
12
Let t be (-3 + 10/(-6))*-9. Let k = -5467 - -5698. Calculate the greatest common divisor of k and t.
21
Suppose -5*v + 40 = 3*i + 2*i, -3*v + 9 = -2*i. Let j be 2/i + (-720)/(-54). Let k = 51 - 30. Calculate the greatest common divisor of k and j.
7
Let u(o) = -3*o**3 - 43*o**2 + 2*o - 144. Let k be u(-16). Calculate the highest common factor of k and 624.
48
Let g(l) = -l**3 - 59*l**2 - 58*l - 3770. Let w be g(-60). What is the highest common divisor of w and 40?
10
Let a be ((-2232)/620)/((-1)/265). What is the greatest common divisor of a and 36?
18
Let s(a) = -2*a**2 - 10*a**2 + 5*a**2 + 272*a - 2*a - 25*a**2 + 8. Let n be s(8). Calculate the greatest common factor of n and 200.
40
Suppose -17*h + 860 = 157*h - 532. Let k(s) = -s**3 - 2*s**2 + s - 4. Let m be k(-3). Suppose m*g + 60 = 5*g. What is the highest common divisor of g and h?
4
Let a be (380/(-50) + 6)/(1431/(-1425) + 1). Calculate the highest common factor of 140 and a.
20
Suppose 0 = -9*r + 10741 - 2551. Calculate the highest common divisor of 60 and r.
10
Let i = 14855 + -5759. Calculate the greatest common divisor of 48 and i.
24
Suppose 2*r + 2*w - 13 = 15, 2*r - 3*w - 33 = 0. Let x be ((858/r)/(-13))/(2/(-20)). Calculate the highest common divisor of 66 and x.
22
Let a be (4 - (2 + 6)) + 12. Suppose 4*n = a, 4*b + 4 + 14 = n. Let c be 2 + (-8)/b + 6. What is the greatest common divisor of 10 and c?
10
Suppose 4*h = 6*h - 2318. What is the greatest common divisor of h and 19?
19
Let l(v) = -1. Let s(x) = -73*x**2 + 2*x + 4. Let t(r) = -l(r) - s(r). Let j be t(-1). Suppose 2*f - 18 = j. Calculate the highest common divisor of 30 and f.
15
Suppose 462 = 5*a + 2*r - 184, 4*a = -r + 518. Calculate the highest common divisor of a and 18785.
65
Let j be (4 - -2) + (-90)/15 + -17 + 46. Let v = 9 - 7. Suppose -v*z + 103 = 2*r - 193, -4*r = -z + 133. What is the greatest common factor of j and z?
29
Suppose 2 = i + 5*l - 4*l, 0 = 3*l + 9. Suppose 131 + 235 = i*v + 2*g, -3*v + 3*g + 207 = 0. Calculate the highest common factor of 18 and v.
18
Suppose -6*t + 102 = -4*t. Let y = -35 + t. Suppose -y = -b - 2. Calculate the highest common divisor of b and 154.
14
Let j be ((-10472)/(-595))/(2/175). What is the highest common divisor of 3740 and j?
220
Let g = 573 + -525. Let w be (1 - -7)*(-2)/(-4). Suppose -w*y - g = -10*y. What is the highest common divisor of y and 64?
8
Let y(n) = 25*n**2 - 83*n + 68. Let f be y(4). What is the greatest common divisor of f and 4352?
136
Let o = -854 - -870. What is the highest common factor of o and 4624?
16
Suppose 28 = 5*a - 2*l, 5*l + 9 = 4*a - 10. Suppose 4*t = 9 - 105. Let i be 18/(3 + 63/t). Calculate the greatest common factor of i and a.
6
Suppose -1514 = -21*r - 2*r + 1591. What is the greatest common divisor of 185 and r?
5
Let i(n) = -9*n - 178. Let c be i(-25). Suppose -c*k = -35*k - 168. What is the highest common divisor of k and 63?
7
Suppose -3*n = -n - 8. Let d(b) = 2*b**2 + 14*b + 10. Suppose -5*w = -2*o - 19, -3*w = w - 4. Let c be d(o). What is the greatest common divisor of n and c?
2
Let r(v) = v**3 - v. Let u be r(1). Let f be (4 - (-12)/(-6))*-1 - (-20)/5. Suppose -a - f*a + 660 = u. Calculate the highest common factor of a and 88.
44
Suppose 2*h + 4*d + 504 = 0, 8*d = -5*h + 4*d - 1248. Let y = -227 - h. What is the highest common divisor of 14 and y?
7
Let w(l) = -l**2 + 13*l + 70. Let j be w(17). Let i be (-3 + -7)/j + (35 - 0). What is the greatest common divisor of 8 and i?
2
Suppose 16*t - 2524 = 12260. Calculate the highest common factor of t and 588.
84
Let l = -390 + 393. Suppose 15 = -l*v, -5*c + 3*v - 1465 = -10*c. Calculate the highest common divisor of 37 and c.
37
Let a(x) = 260*x**3 + 2*x**2 - 3*x. Let u be a(1). Let i = 269 - u. Calculate the greatest common divisor of i and 160.
10
Let z = 40 - 4. Suppose -5*h - 2*g - 14 + 306 = 0, 0 = h - g - 64. What is the greatest common factor of z and h?
12
Let g be (-2 - (-94)/8)/((-462)/(-12320)). What is the highest common factor of g and 62660?
260
Let m = 2407 - 2402. Calculate the greatest common divisor of m and 135.
5
Let t = -2986 + 3166. Calculate the highest common factor of t and 